{"id":28,"date":"2021-05-05T09:05:33","date_gmt":"2021-05-05T09:05:33","guid":{"rendered":"http:\/\/comunadochia.ro\/?page_id=28"},"modified":"2025-03-21T08:58:45","modified_gmt":"2025-03-21T06:58:45","slug":"primar","status":"publish","type":"page","link":"https:\/\/comunadochia.ro\/?page_id=28","title":{"rendered":"Primar"},"content":{"rendered":"<div class=\"row-fluid\">\n<div class=\"span12 pull-left\">\n<h4>PRIMAR &#8211; PADURARU CONSTANTIN\u00a0&#8211; PSD<\/h4>\n<p><strong>\u00a0<\/strong><\/p>\n<p>&#8211;&#8211;&#8211;&#8211;&#8211;&#8211;&#8211;&#8211;&#8211;&#8211;&#8211;&#8211;&#8211;&#8211;&#8211;&#8211;&#8211;&#8211;&#8211;&#8211;&#8211;&#8211;&#8211;&#8211;&#8211;&#8211;&#8211;&#8211;&#8211;&#8211;-<\/p>\n<h4><strong><br \/>\nProgram audien\u0163e<\/strong><\/h4>\n<\/div>\n<\/div>\n<div class=\"row-fluid\">\n<div class=\"span6\">Mar\u0163i 08.00-11.00 &#8211; \u00a0probleme sociale<\/div>\n<div class=\"span6\">Vineri 8.00-10.00 &#8211; urbanism<\/div>\n<\/div>\n<div class=\"row-fluid\">\n<h4><strong><a href=\"http:\/\/comunadochia.ro\/wp-content\/uploads\/2021\/05\/Atributii-ale-primarului.pdf\">Atributii ale primarului<\/a><\/strong><\/h4>\n<p><a href=\"http:\/\/comunadochia.ro\/wp-content\/uploads\/2021\/05\/declaratie-de-aderare.pdf\">Declaratie de aderare<\/a><\/p>\n<p><a href=\"http:\/\/comunadochia.ro\/wp-content\/uploads\/2022\/03\/RAPORT-PRIMAR-2022.pdf\">RAPORT PRIMAR 2022<\/a><\/p>\n<p>&nbsp;<\/p>\n<p>Sunt onorat sa ma prezint astazi in fata dumneavoastra in calitate de PRIMAR al comunei Dochia.<\/p>\n<p>Sunt con\u0219tient de responsabilitatea pe care o am si impreuna cu toata echipa mea voi depune toate eforturile pentru a aduce \u0219i implementa proiecte necesare \u0219i utile \u00een toata comuna noastra.<\/p>\n<p>Transparen\u0163a actului administrativ \u015fi implicarea cet\u0103\u0163enilor \u00een luarea deciziilor de interes major sunt coordonatele de baz\u0103 ale activit\u0103\u0163ii mele iar ca primar v\u0103 asigur de disponibilitatea institu\u0163iei pe care o reprezint de a fi oric\u00e2nd un partener de dialog cu locuitorii comunei.<\/p>\n<p>Prin intermediul acestui site dorim sa oferim tuturor vizitatorilor informatii generale despre primaria, si consiliul local din comuna\u00a0Dochia, precum si date despre istoria, economia, cultura si traditiile localitatii noastre.<\/p>\n<p>Nu ezitati sa ne contactati pentru intrebari, sugestii si comentarii privind informatiile prezentate pe site sau orice alt subiect de interes pentru dumneavoastra.<\/p>\n<\/div>\n","protected":false},"excerpt":{"rendered":"<p>PRIMAR &#8211; PADURARU CONSTANTIN\u00a0&#8211; PSD \u00a0 &#8211;&#8211;&#8211;&#8211;&#8211;&#8211;&#8211;&#8211;&#8211;&#8211;&#8211;&#8211;&#8211;&#8211;&#8211;&#8211;&#8211;&#8211;&#8211;&#8211;&#8211;&#8211;&#8211;&#8211;&#8211;&#8211;&#8211;&#8211;&#8211;&#8211;- Program audien\u0163e Mar\u0163i 08.00-11.00 &#8211; \u00a0probleme sociale Vineri 8.00-10.00 &#8211; urbanism Atributii ale primarului Declaratie de aderare RAPORT PRIMAR 2022 &nbsp; Sunt onorat sa ma prezint astazi in fata dumneavoastra in calitate de PRIMAR al comunei Dochia. Sunt con\u0219tient de responsabilitatea pe care o am si impreuna cu &hellip; <\/p>\n","protected":false},"author":1,"featured_media":0,"parent":25,"menu_order":1,"comment_status":"closed","ping_status":"closed","template":"","meta":{"footnotes":""},"class_list":["post-28","page","type-page","status-publish","hentry","grid-sizer"],"_links":{"self":[{"href":"https:\/\/comunadochia.ro\/index.php?rest_route=\/wp\/v2\/pages\/28","targetHints":{"allow":["GET"]}}],"collection":[{"href":"https:\/\/comunadochia.ro\/index.php?rest_route=\/wp\/v2\/pages"}],"about":[{"href":"https:\/\/comunadochia.ro\/index.php?rest_route=\/wp\/v2\/types\/page"}],"author":[{"embeddable":true,"href":"https:\/\/comunadochia.ro\/index.php?rest_route=\/wp\/v2\/users\/1"}],"replies":[{"embeddable":true,"href":"https:\/\/comunadochia.ro\/index.php?rest_route=%2Fwp%2Fv2%2Fcomments&post=28"}],"version-history":[{"count":5,"href":"https:\/\/comunadochia.ro\/index.php?rest_route=\/wp\/v2\/pages\/28\/revisions"}],"predecessor-version":[{"id":513,"href":"https:\/\/comunadochia.ro\/index.php?rest_route=\/wp\/v2\/pages\/28\/revisions\/513"}],"up":[{"embeddable":true,"href":"https:\/\/comunadochia.ro\/index.php?rest_route=\/wp\/v2\/pages\/25"}],"wp:attachment":[{"href":"https:\/\/comunadochia.ro\/index.php?rest_route=%2Fwp%2Fv2%2Fmedia&parent=28"}],"curies":[{"name":"wp","href":"https:\/\/api.w.org\/{rel}","templated":true}]}}

<div class="row-fluid">
<div class="span12 pull-left">
<h4>PRIMAR &#8211; PADURARU CONSTANTIN &#8211; PSD</h4>
<p><strong> </strong></p>
<p>&#8211;&#8211;&#8211;&#8211;&#8211;&#8211;&#8211;&#8211;&#8211;&#8211;&#8211;&#8211;&#8211;&#8211;&#8211;&#8211;&#8211;&#8211;&#8211;&#8211;&#8211;&#8211;&#8211;&#8211;&#8211;&#8211;&#8211;&#8211;&#8211;&#8211;-</p>
<h4><strong><br />
Program audienţe</strong></h4>
</div>
</div>
<div class="row-fluid">
<div class="span6">Marţi 08.00-11.00 &#8211;  probleme sociale</div>
<div class="span6">Vineri 8.00-10.00 &#8211; urbanism</div>
</div>
<div class="row-fluid">
<h4><strong><a href="http://comunadochia.ro/wp-content/uploads/2021/05/Atributii-ale-primarului.pdf">Atributii ale primarului</a></strong></h4>
<p><a href="http://comunadochia.ro/wp-content/uploads/2021/05/declaratie-de-aderare.pdf">Declaratie de aderare</a></p>
<p><a href="http://comunadochia.ro/wp-content/uploads/2022/03/RAPORT-PRIMAR-2022.pdf">RAPORT PRIMAR 2022</a></p>
<p>&nbsp;</p>
<p>Sunt onorat sa ma prezint astazi in fata dumneavoastra in calitate de PRIMAR al comunei Dochia.</p>
<p>Sunt conștient de responsabilitatea pe care o am si impreuna cu toata echipa mea voi depune toate eforturile pentru a aduce și implementa proiecte necesare și utile în toata comuna noastra.</p>
<p>Transparenţa actului administrativ şi implicarea cetăţenilor în luarea deciziilor de interes major sunt coordonatele de bază ale activităţii mele iar ca primar vă asigur de disponibilitatea instituţiei pe care o reprezint de a fi oricând un partener de dialog cu locuitorii comunei.</p>
<p>Prin intermediul acestui site dorim sa oferim tuturor vizitatorilor informatii generale despre primaria, si consiliul local din comuna Dochia, precum si date despre istoria, economia, cultura si traditiile localitatii noastre.</p>
<p>Nu ezitati sa ne contactati pentru intrebari, sugestii si comentarii privind informatiile prezentate pe site sau orice alt subiect de interes pentru dumneavoastra.</p>
</div>

<p>PRIMAR &#8211; PADURARU CONSTANTIN &#8211; PSD   &#8211;&#8211;&#8211;&#8211;&#8211;&#8211;&#8211;&#8211;&#8211;&#8211;&#8211;&#8211;&#8211;&#8211;&#8211;&#8211;&#8211;&#8211;&#8211;&#8211;&#8211;&#8211;&#8211;&#8211;&#8211;&#8211;&#8211;&#8211;&#8211;&#8211;- Program audienţe Marţi 08.00-11.00 &#8211;  probleme sociale Vineri 8.00-10.00 &#8211; urbanism Atributii ale primarului Declaratie de aderare RAPORT PRIMAR 2022 &nbsp; Sunt onorat sa ma prezint astazi in fata dumneavoastra in calitate de PRIMAR al comunei Dochia. Sunt conștient de responsabilitatea pe care o am si impreuna cu &hellip; </p>
