{"id":165,"date":"2021-05-12T07:32:21","date_gmt":"2021-05-12T07:32:21","guid":{"rendered":"http:\/\/comunadochia.ro\/?page_id=165"},"modified":"2021-05-12T07:37:34","modified_gmt":"2021-05-12T07:37:34","slug":"invatamant","status":"publish","type":"page","link":"https:\/\/comunadochia.ro\/?page_id=165","title":{"rendered":"Invatamant"},"content":{"rendered":"<p>Comuna dispune de o \u015fcoal\u0103 cu trei corpuri de cl\u0103dire: \u015fcoala cu 4 clase, \u015fcoala cu 8 clase \u015fi gr\u0103dini\u0163a.<\/p>\n<p><img loading=\"lazy\" decoding=\"async\" class=\"size-medium wp-image-166 alignright\" src=\"http:\/\/comunadochia.ro\/wp-content\/uploads\/2021\/05\/scoala1-300x225.jpg\" alt=\"\" width=\"300\" height=\"225\" srcset=\"https:\/\/comunadochia.ro\/wp-content\/uploads\/2021\/05\/scoala1-300x225.jpg 300w, https:\/\/comunadochia.ro\/wp-content\/uploads\/2021\/05\/scoala1-768x576.jpg 768w, https:\/\/comunadochia.ro\/wp-content\/uploads\/2021\/05\/scoala1.jpg 960w\" sizes=\"auto, (max-width: 300px) 100vw, 300px\" \/><\/p>\n<p>Ea este deservit\u0103 de 21 de cadre didactice care particip\u0103 la educarea tinerei genera\u0163ii din comun\u0103.<\/p>\n","protected":false},"excerpt":{"rendered":"<p>Comuna dispune de o \u015fcoal\u0103 cu trei corpuri de cl\u0103dire: \u015fcoala cu 4 clase, \u015fcoala cu 8 clase \u015fi gr\u0103dini\u0163a. Ea este deservit\u0103 de 21 de cadre didactice care particip\u0103 la educarea tinerei genera\u0163ii din comun\u0103.<\/p>\n","protected":false},"author":1,"featured_media":0,"parent":162,"menu_order":1,"comment_status":"closed","ping_status":"closed","template":"","meta":{"footnotes":""},"class_list":["post-165","page","type-page","status-publish","hentry","grid-sizer"],"_links":{"self":[{"href":"https:\/\/comunadochia.ro\/index.php?rest_route=\/wp\/v2\/pages\/165","targetHints":{"allow":["GET"]}}],"collection":[{"href":"https:\/\/comunadochia.ro\/index.php?rest_route=\/wp\/v2\/pages"}],"about":[{"href":"https:\/\/comunadochia.ro\/index.php?rest_route=\/wp\/v2\/types\/page"}],"author":[{"embeddable":true,"href":"https:\/\/comunadochia.ro\/index.php?rest_route=\/wp\/v2\/users\/1"}],"replies":[{"embeddable":true,"href":"https:\/\/comunadochia.ro\/index.php?rest_route=%2Fwp%2Fv2%2Fcomments&post=165"}],"version-history":[{"count":1,"href":"https:\/\/comunadochia.ro\/index.php?rest_route=\/wp\/v2\/pages\/165\/revisions"}],"predecessor-version":[{"id":167,"href":"https:\/\/comunadochia.ro\/index.php?rest_route=\/wp\/v2\/pages\/165\/revisions\/167"}],"up":[{"embeddable":true,"href":"https:\/\/comunadochia.ro\/index.php?rest_route=\/wp\/v2\/pages\/162"}],"wp:attachment":[{"href":"https:\/\/comunadochia.ro\/index.php?rest_route=%2Fwp%2Fv2%2Fmedia&parent=165"}],"curies":[{"name":"wp","href":"https:\/\/api.w.org\/{rel}","templated":true}]}}

<p>Comuna dispune de o şcoală cu trei corpuri de clădire: şcoala cu 4 clase, şcoala cu 8 clase şi grădiniţa.</p>
<p><img loading="lazy" decoding="async" class="size-medium wp-image-166 alignright" src="http://comunadochia.ro/wp-content/uploads/2021/05/scoala1-300x225.jpg" alt="" width="300" height="225" srcset="https://comunadochia.ro/wp-content/uploads/2021/05/scoala1-300x225.jpg 300w, https://comunadochia.ro/wp-content/uploads/2021/05/scoala1-768x576.jpg 768w, https://comunadochia.ro/wp-content/uploads/2021/05/scoala1.jpg 960w" sizes="auto, (max-width: 300px) 100vw, 300px" /></p>
<p>Ea este deservită de 21 de cadre didactice care participă la educarea tinerei generaţii din comună.</p>

<p>Comuna dispune de o şcoală cu trei corpuri de clădire: şcoala cu 4 clase, şcoala cu 8 clase şi grădiniţa. Ea este deservită de 21 de cadre didactice care participă la educarea tinerei generaţii din comună.</p>
